. Let t(b) = 96*b - 2. Let p be t(2). Calculate the highest common divisor of x and p.
19
Let w = 2 + 0. Suppose -2*k - 18 = 4*b - 0*k, -2*b - 5*k + 3 = 0. Let s = -4 - b. Calculate the highest common factor of s and w.
2
Suppose 0 = -6*o + 2*o + 68. Suppose -o = 4*s - 93. What is the highest common divisor of 133 and s?
19
Suppose g - c = 2 - 5, 17 = g + 3*c. Let i be 6/g - (1 - 1). Let k(y) = -y + 1. Let t be k(0). What is the highest common divisor of t and i?
1
Let v(w) = -4*w + 64. Let i be v(12). What is the highest common factor of 80 and i?
16
Suppose -2*r - 47 = -2*h + 5*h, 3*r - h + 43 = 0. Let m = r - -28. What is the greatest common factor of m and 3?
3
Let l(p) = 14*p**2 + 4*p + 1. Let t be l(-3). Let h(z) = 24*z**2 + 2*z + 1. Let j be h(-1). What is the greatest common divisor of t and j?
23
Suppose 96 - 36 = l. Suppose 7*q - l = 3*q. What is the highest common factor of 5 and q?
5
Suppose 8 = 4*a - 4. Suppose o = a*j - 21, -2*j - 3 = -3*o - 24. Let h = -39 - -43. What is the greatest common divisor of h and j?
2
Suppose 10 = -20*u + 21*u. What is the highest common divisor of u and 40?
10
Let i = 32 + -25. Suppose 4*g - 2*a = 38, -2*a - 8 - 2 = 0. What is the highest common divisor of i and g?
7
Let b = 38 + 39. Calculate the highest common divisor of b and 11.
11
Let y = 27 + 17. Suppose 2*z = -z + 12. Calculate the greatest common factor of y and z.
4
Let q(b) be the first derivative of 100*b**2 - 2*b - 2. Let d be q(1). What is the highest common divisor of 18 and d?
18
Let i(k) = 2*k**2 + 5*k + 1. Let s be i(-5). Suppose -5*z + 185 = 5*y - 0*y, -49 = -y + 5*z. What is the greatest common divisor of s and y?
13
Let k be 40/3 - (-8)/12. What is the greatest common divisor of k and 28?
14
Let j(i) = 22*i**2. Let y(a) = -a**3 + 4*a**2 + 4*a + 3. Let o be y(5). Let u be j(o). What is the highest common divisor of u and 8?
8
Let w = 24 - 17. Calculate the greatest common divisor of 56 and w.
7
Suppose 15*a = 11*a + 24. What is the highest common divisor of a and 6?
6
Let a be (-1*(1 - 1))/1. Suppose a = 2*s + 4*m - 50, 2*s + 0*m = 3*m + 15. Let v(r) = -r. Let b be v(-3). Calculate the highest common divisor of s and b.
3
Suppose b = -f + 14, -3*b = -5*f - 10 - 24. Calculate the highest common factor of 52 and b.
13
Let l(r) be the first derivative of 31*r**2/2 - r + 2. Let v be l(1). Suppose v = -0*z + 5*z. What is the greatest common factor of z and 2?
2
Let n(y) = -y**2 - 14*y - 14. Let r be n(-12). Let t = -2 + r. Let g = 72 - 40. What is the greatest common factor of g and t?
8
Let w(u) = -2*u - 1. Let x be w(-9). What is the highest common factor of x and 34?
17
Let f = 120 + -72. Calculate the highest common divisor of 8 and f.
8
Let u be (4/(-6))/2*-9. Suppose -4*a = u*s - 1, 2*s - 2*a + 1 = 25. Let g(m) = 36*m**3 - m**2. Let v be g(1). What is the greatest common divisor of v and s?
7
Let d(j) = j**2 - 20. Let g be d(6). Calculate the highest common divisor of 32 and g.
16
Suppose -7*y + 10*y = -516. Let o be (-5)/25 - y/10. Calculate the greatest common factor of 17 and o.
17
Let h be 7/(7/2) + 19. What is the highest common factor of h and 168?
21
Let p be 3/2 - (-8)/16. Suppose 2*y + y + p*u - 7 = 0, -2*u = -4*y. What is the greatest common divisor of y and 4?
1
Suppose -g + 4 = -2. Let d = -4 + g. Suppose 4*q - q - 111 = -j, -138 = -4*q + d*j. What is the highest common divisor of 12 and q?
12
Let u = 14 + -9. Let v = 8 - u. What is the highest common factor of 9 and v?
3
Suppose 5*v + 136 = 4*s + 27, -2*v + 74 = 4*s. What is the greatest common factor of s and 3?
3
Let y = 99 + -69. Calculate the greatest common divisor of 12 and y.
6
Suppose 9*w - 5*w - 104 = 0. Let k = 130 + -78. What is the greatest common divisor of k and w?
26
Let d = 1 + 7. Let y be 1*(21 + -2) - -1. What is the greatest common factor of y and d?
4
Let m(f) = f + 10. Let s be m(0). Let l = 36 + -16. Calculate the greatest common divisor of s and l.
10
Suppose -18 + 50 = 8*o. What is the greatest common factor of 2 and o?
2
Let u = -9 + 3. Let w be -2*(-27)/u*-1. Calculate the highest common factor of w and 63.
9
Let v(y) = 154*y**2 - y. Let g be v(1). Let m = g + -72. Let d = m - 53. What is the highest common divisor of d and 14?
14
Let z = -1 - 1. Let r be (144/z)/(-3 - -2). What is the highest common factor of 9 and r?
9
Let t be ((-24)/9 - -2)*9. Suppose -27*b + 26*b + 36 = 0. Let q be t/b + 97/6. Calculate the highest common factor of q and 96.
16
Suppose 60 - 18 = 3*f. What is the highest common factor of 98 and f?
14
Suppose -5*n = -25, -7*y = -10*y - 2*n + 145. What is the greatest common divisor of 9 and y?
9
Suppose 3*w - 24 = z + 2*z, -4*w + 5*z = -33. Calculate the highest common divisor of w and 56.
7
Let g(d) = -d**3 - d**2 + 44. Let w be g(0). Suppose 46 = 4*q - l, -3*q + 2 = l - 29. What is the greatest common factor of q and w?
11
Let q = -36 + 40. Calculate the greatest common factor of q and 10.
2
Suppose -5*s + 0*s = -180. What is the highest common divisor of s and 12?
12
Let u(m) = 29*m**3 + m. Let z be 5/(-5)*2/(-2). Let n be u(z). Calculate the greatest common factor of 6 and n.
6
Suppose -l - 32 = -3*l. What is the greatest common divisor of 8 and l?
8
Let p(h) = h**3 + 18*h**2 - 19*h + 45. Let s be p(-19). Calculate the highest common divisor of 18 and s.
9
Let v be (-27 - 1)*3/(-6). Suppose -4*s + 56 = 16. Suppose 2*n - v = -4*p, -s = -5*n + 4*p + 11. Calculate the highest common divisor of n and 40.
5
Let u = 1 - -1. Let w be (68/(u + -4))/(-2). What is the highest common divisor of 17 and w?
17
Suppose -i + 207 = 75. What is the greatest common factor of 12 and i?
12
Suppose 5*i = 5*n - 75, 2*n + 8 = 6*n. Let r be 0 - 0/(-3) - -19. Let t = i + r. What is the greatest common factor of t and 42?
6
Suppose g + 4*z - 107 + 35 = 0, 3*z = -4*g + 249. What is the greatest common factor of g and 12?
12
Let r = 32 + -26. Calculate the greatest common factor of 15 and r.
3
Suppose -5*k + 21 = -3*t, 2*t = 5*k + 13 - 37. What is the greatest common divisor of 2 and k?
2
Let d = 26 + -20. Calculate the highest common divisor of 6 and d.
6
Let c(n) be the first derivative of n**2 + 29*n - 6. Let j be c(-12). Calculate the greatest common divisor of j and 20.
5
Suppose 3*x - x = 20. Let v be 3/(((-6)/(-16))/1). Let a be 6/(-24) - (-18)/v. Calculate the highest common divisor of x and a.
2
Let n be 1 + (-3 - -31) + 1. Let h = -4 + 6. Suppose h*o + 6 = 96. What is the highest common factor of o and n?
15
Let r = -56 + 68. Calculate the highest common divisor of r and 204.
12
Let i be (16/20)/((-2)/5). Let f be (-2 - (0 + -40)) + i. Suppose -5*v = -3*v - 8. What is the greatest common divisor of f and v?
4
Let h = 129 + -85. What is the highest common factor of h and 176?
44
Let c be 2*(-370)/(-25) - 2/(-5). Suppose 2*j + 3*j = 15. Calculate the highest common divisor of c and j.
3
Suppose -3*k + 30 = -0*k. Suppose 11 = 3*m - k. Calculate the highest common divisor of m and 21.
7
Let i(s) = s**3 - 6*s**2 + 6*s - 5. Let m be i(5). Let h = -13 - -21. Suppose a - 27 + h = m. Calculate the highest common divisor of a and 76.
19
Suppose -4*z + 40 = 8. Calculate the highest common factor of z and 16.
8
Let i(n) = n**3 - n**2 + n. Let k(h) = 6*h**3 - 12*h**2 + 3*h - 8. Let c(x) = 5*i(x) - k(x). Let z be c(7). What is the highest common factor of z and 33?
11
Suppose -2*u + 0*u + 80 = 0. What is the greatest common divisor of u and 20?
20
Suppose 0*y + 3*y = -k + 209, 4*y = -4*k + 812. Calculate the highest common divisor of k and 40.
40
Let k(i) = -2*i**2 - 6*i + 8. Let y be k(-4). Let l(r) = 40 - r - 4*r**2 + 6*r**2 - 3*r**2. Let h be l(y). Calculate the highest common factor of 10 and h.
10
Let j be (-12)/(2/((-16)/3)). What is the highest common divisor of 16 and j?
16
Suppose -2*j + 3*j + 28 = 5*z, 0 = z + 5*j + 10. Suppose -z*v + 42 = -3*v. Calculate the greatest common factor of v and 7.
7
Let g(j) = -j**3 - 8*j**2 - 13*j + 6. Let s be g(-6). Suppose -3*w + 0*w + q + 248 = 0, 2*w - 4*q = 152. What is the greatest common factor of s and w?
12
Let f be 0 - (-838 - -2)/4. Suppose -h = -2*n + 118, 3*h - 3*n = -2*h - 576. Let o be (h/(-9))/(4/6). What is the greatest common factor of f and o?
19
Let c = 1 - 3. Let z = -5 - c. Let b be 